 - 1. Let j be p(3). List the prime factors of r(j).
2, 3, 5
Suppose -2*n + 40 = 2*n + 5*b, 24 = 4*n + b. Suppose 9 = -n*h - 16, -4*w + 3*h = -31. Suppose -60 - 120 = -w*z. List the prime factors of z.
3, 5
Suppose -80 = 11*u - 3. Let g = 64 - u. List the prime factors of g.
71
Let a(l) = -l - 1. Let p be a(-4). Suppose -p*g - u - 45 = 0, -5*g + 5*u - 11 = 64. Let v = 27 + g. What are the prime factors of v?
2, 3
Let y(m) = -236*m**3 + 2*m**2 + 57*m + 113. List the prime factors of y(-2).
5, 379
Suppose 3*y = -2*y + 20. Suppose y*c = -0*c + 184. Suppose 3*a - 2*q = 34, 0 = -2*a - 2*a + 2*q + c. List the prime factors of a.
2, 3
Let h = 69 - 65. Suppose 2*v - i = 23, 44 - 4 = h*v + 4*i. What are the prime factors of v?
11
Let j be (-2)/(-8) + 1/(-4). Suppose j = -5*l + l + 20. Suppose 71 = l*a + 2*b - 5*b, 4*b = -4*a + 76. List the prime factors of a.
2
Let o(g) = 8 + 17*g**2 - 4*g - 4*g**3 - 4*g**2 + 6*g**3. List the prime factors of o(-6).
2, 17
Let b(m) be the first derivative of -m**4/2 + 2*m**3/3 - m - 5. Let h be b(-1). Suppose -h*w + 57 = -0*w. What are the prime factors of w?
19
Let k = 104 + -99. Suppose -3*t + 682 = k*v + t, -5*v + 5*t = -655. List the prime factors of v.
2, 67
Let l be (-246)/(12/4) + (-2 - 2). Let y = -35 - l. List the prime factors of y.
3, 17
Let f be 11/33*0/(-1). Suppose f*c = 7*c - 455. What are the prime factors of c?
5, 13
Suppose -112 - 170 = 3*p. Let d = p - -165. What are the prime factors of d?
71
Let s be -3*-10*2/12. Let d(n) = -n**3 + 10 + 9*n + 4*n**2 - s - 8*n**2. List the prime factors of d(-6).
23
Suppose 5*i = -4*n + 7975, 3*i + 68*n - 4785 = 63*n. List the prime factors of i.
5, 11, 29
Suppose 0*g + 2*g - 4 = 0. Let z(j) = -6*j**3 + 2*j**2 + 2*j - 3. Let a be z(g). Let l = 79 + a. List the prime factors of l.
2, 5
Let z = 53 + -30. Let x = -1 + z. List the prime factors of x.
2, 11
What are the prime factors of 100 + 1 - (-19 + 16)?
2, 13
Suppose -j - 8 = 2*n - 0*n, 0 = -4*n - j - 12. Let f be (0 + n)*(-6 + -6). Suppose s + s - f = 0. What are the prime factors of s?
2, 3
Suppose 2*t = c - 4388, -4*c + 19*t = 14*t - 17555. What are the prime factors of c?
2, 5, 439
Suppose 0 = -7*y - y + 3*y. What are the prime factors of y/5 - 170/(-2)?
5, 17
Let f(a) be the third derivative of 2*a**5/5 + a**4/24 - a**3/6 + 3*a**2. Let k be f(1). Suppose 2*j - k = -j. What are the prime factors of j?
2
Suppose -61*g = -53*g - 1808. What are the prime factors of g?
2, 113
List the prime factors of (2 - 81)/(6 + (-9 - -2)).
79
Let b be (-1)/(((-18)/(-15))/(-6)). Suppose -b + 0 = 5*j, j = v - 19. What are the prime factors of v - (-2)/(-4 + 2)?
17
Let f = 31 + -28. What are the prime factors of (-4212)/(-48) + (-2)/(8/f)?
3, 29
Let j(h) = -h - 14. Let g be j(-6). List the prime factors of 26 + g + 1*2.
2, 5
Suppose 0 = r + 4*z - 13, 0 = -5*r + r - 5*z + 63. Suppose p = 2*y - y - r, 4*y - 5*p - 63 = 0. Suppose -h - h = -y. List the prime factors of h.
11
Let f = -6 + 8. Suppose -2*w = 4*q - 160, 0 = -4*q - w - f*w + 164. What are the prime factors of q?
2, 19
Suppose l - 8 = -l. Suppose -3*q + 0 = l*z + 1, q - 2*z - 13 = 0. Suppose n = 2*f + q + 8, 5*f = -5*n + 50. List the prime factors of n.
11
Let u = -994 + 1506. What are the prime factors of u?
2
Let t(n) be the second derivative of -n**4/24 + 2*n**3 - 5*n**2/2 - 5*n. Let f(l) be the first derivative of t(l). What are the prime factors of f(10)?
2
Let g be (-648)/(-180) - (3/5 + 0). Suppose -g*h - 210 = -978. List the prime factors of h.
2
What are the prime factors of ((-108)/(-48))/(-9) - (-3221)/4?
5, 7, 23
List the prime factors of (-18)/(-15) + 8113/35.
233
Let z(s) = -13*s - 192. List the prime factors of z(-25).
7, 19
Suppose -10 = -6*s + s. Let r be 20 - -8 - (0 - s). Suppose 3*q + r = 6*q. List the prime factors of q.
2, 5
List the prime factors of ((-451)/(-22) - 10)/((-3)/(-14)).
7
Let x = 4035 + -1277. What are the prime factors of x?
2, 7, 197
Let s be 3 - 0 - -11 - -2. Let n = -14 + s. Suppose -n*k + 5 + 8 = d, 0 = -k + d - 1. What are the prime factors of k?
2
Let h(y) = y**3 + 6*y**2 + 5*y - 4. Let p be h(-5). Let s be p - (-6 + -4) - 2. List the prime factors of 15*(12/s + -2).
3, 5
Let c(b) = 5*b**2 - b - 2. Let p(o) = -o**2 + o. Let v(s) = c(s) + 4*p(s). Let j(g) = g**2 - 5*g - 22. Let f be j(8). List the prime factors of v(f).
2
What are the prime factors of -885*(2 + 104/(-40))?
3, 59
What are the prime factors of ((-6622)/(-35))/2*5?
11, 43
What are the prime factors of (0/(-6) - 1)/((-2)/1966)?
983
Suppose -6*d = -9 - 9. Suppose 12 = -3*u, -12 = 2*h + 2*h - d*u. What are the prime factors of h/(-4) + (-246)/(-4)?
3, 7
Let l be (1 - -13) + (-1 - -2 - -1). Suppose -c + 2*o + 104 = 0, c - 92 = o + l. List the prime factors of c.
2, 7
Let k = 854 + -755. What are the prime factors of k?
3, 11
Suppose -88*t = -149*t + 378444. What are the prime factors of t?
2, 3, 11, 47
Let j = 36 - 33. Suppose -j*a - 4*a - 154 = 0. Let n = 45 - a. What are the prime factors of n?
67
Let i(n) = -11*n + 28. Let p(c) = -10*c + 15 + 10 + 4*c - 11. Let h(q) = -3*i(q) + 5*p(q). What are the prime factors of h(12)?
2, 11
Let c = 7571 - 4857. List the prime factors of c.
2, 23, 59
Suppose 4*w - k = 5*w, 3 = -k. Let b(o) = 2*o - 2*o + o**w - 15 + 8*o**2 + 4*o - o. What are the prime factors of b(-7)?
13
Let t = -6 - -8. Suppose 0*n = t*n - 12. Suppose -3*y + i = -3*i - 2, 4*y = 2*i + n. List the prime factors of y.
2
Let c(d) = -7*d**2 - 4*d - 18. Let i(v) = 6*v**2 + 3*v + 17. Let g(r) = 5*c(r) + 6*i(r). What are the prime factors of g(10)?
2, 23
Suppose -5*w + 23 + 12 = 0. Suppose -w*n + 4 = -10. Suppose 5*j = 4*t + 334, 0 = -3*j + n*t - 0*t + 200. List the prime factors of j.
2, 3, 11
Suppose -34 = -5*n - a, -2*n + 2 + 6 = -a. What are the prime factors of n?
2, 3
Let w(h) = -h**2 - 4*h + 6. Let m(n) = -3*n**2 - 11*n + 17. Let t(b) = -4*m(b) + 11*w(b). Let c be 128/48*9/4. What are the prime factors of t(c)?
2, 17
Suppose 1388 = v + 3*v + z, -v - z + 350 = 0. Let o = v - 140. What are the prime factors of o?
2, 103
Let h(y) = 2 - 6 - 7 + 1 + 5*y. What are the prime factors of h(13)?
5, 11
Let u = 24 + -7. Suppose 5*r + 3*f + u = 339, 135 = 2*r - 5*f. What are the prime factors of r?
5, 13
Let i = -506 + 933. List the prime factors of i.
7, 61
Let b(v) = -5*v + 4. Let y(n) = n - 1. Let p(g) = 2*b(g) + 6*y(g). Let w be p(-1). Let q(l) = 9*l - 12. List the prime factors of q(w).
2, 3, 7
Let w(a) = 2*a - 7. Let b be w(-3). Let n(l) = 2*l**2 + 22*l + 19. What are the prime factors of n(b)?
71
Let w = 2224 + -269. What are the prime factors of w?
5, 17, 23
Let s = -82 - 406. Let z = 787 + s. What are the prime factors of z?
13, 23
Suppose -i + 4*i = 1152. Suppose 6*a - i = -0*a. What are the prime factors of a?
2
Let o(w) = 270*w**2 + 2*w + 1. Let y be o(-1). Suppose 3*m + 2*b - 821 = 0, -3*b = -m - 6*b + y. List the prime factors of m.
5, 11
Let u = 38 - 37. List the prime factors of (0 + 2 - -28) + u.
31
Suppose 2*v = -0*v + 12. Let d(r) be the third derivative of r**6/120 - r**5/12 + 7*r**3/6 + 7*r**2. What are the prime factors of d(v)?
43
Let j = -399 + 1266. List the prime factors of j.
3, 17
Suppose -4*l + 5 = -3. List the prime factors of (3/(-5))/(l/(-150)).
3, 5
Let d = 75 - 35. What are the prime factors of (-136)/6*(-10)/(d/12)?
2, 17
Let o = 808 + -378. What are the prime factors of o?
2, 5, 43
Let v = 42 + -38. Suppose 0 = v*g - 5*d + d - 340, 2*g = -d + 182. What are the prime factors of g?
89
Suppose -26*p - 3674 = -40854. List the prime factors of p.
2, 5, 11, 13
Let j(q) = -q**3 + 10*q**2 - q + 10. Let d be j(10). Suppose 3*o - 126 = 4*p, p = -o - d*p + 35. Let u = 56 - o. What are the prime factors of u?
2, 3
What are the prime factors of 115485/75 + (-1)/(-5)?
2, 5, 7, 11
Let q(b) be the third derivative of b**4/24 - 7*b**3/6 - 5*b**2. Let x be q(9). What are the prime factors of (x - 31/2)*-2?
3
Let h be 1025/5 + (1 - -3). Let x = h - 116. What are the prime factors of x?
3, 31
Let i = 2428 + -1978. List the prime factors of i.
2, 3, 5
Suppose -48*t + 43*t + 15 = 0. What are the prime factors of (6/(-4))/(t/(-174))?
3, 29
Suppose 2*k - 3*w = -8*w + 18, 5*k = 2*w + 16. Suppose -114 + 36 = -6*u. Let r = k + u. What are the prime factors of r?
17
L